).
286
Let s(v) = v**2 - 7376*v + 5473152. What is s(837)?
9
Let k(j) = j**3 - 21*j**2 - 55*j - 279. Determine k(23).
-486
Let l(c) = -299059*c - 299053. Calculate l(-1).
6
Let i(m) = 945*m**2 + 19866*m + 452. Determine i(-21).
11
Let j(h) = -2498*h + 42956. Calculate j(17).
490
Let y(o) = -67*o**2 - 55*o + 224. Give y(5).
-1726
Let q(c) = 90*c**2 - 4194*c - 1702. Determine q(47).
-10
Let n(z) = -36*z**2 - 596*z + 608. Give n(-17).
336
Let q(b) = -5935*b + 5846. Calculate q(1).
-89
Let c(f) = -f**2 - 3502*f + 35123. What is c(10)?
3
Let u(k) = -389*k**2 + 34573*k + 4271. Give u(89).
-1
Let k(b) = b**3 - 46*b**2 + 452*b - 16051. Calculate k(44).
-35
Let g(n) = 14*n**2 - 1825*n + 819. What is g(130)?
169
Let b(q) = -479*q + 7014. Calculate b(12).
1266
Let n(l) = -60596*l + 60604. Calculate n(1).
8
Let w(f) = -1255810*f + 16325537. What is w(13)?
7
Let h(x) = 189*x**3 + 13*x**2 + 13*x + 1. What is h(-1)?
-188
Let n(j) = -10359*j + 10499. Calculate n(1).
140
Let r(m) = m**3 + 131*m**2 - 541*m + 230. Determine r(-135).
365
Let u(a) = 5535*a - 160681. Determine u(29).
-166
Let h(f) = f**3 + 103*f**2 + 581*f - 126. Give h(-97).
-29
Let f(t) = 3*t**3 + 1864*t**2 - 1151*t + 57879. What is f(-622)?
33
Let i(v) = -131*v**2 + 183*v + 15. What is i(2)?
-143
Let m(c) = -53901*c + 269522. What is m(5)?
17
Let b(c) = c**3 - 80*c**2 - 514*c + 35054. Determine b(81).
-19
Let j(n) = 4*n**2 + 536*n - 4301. Determine j(8).
243
Let c(r) = 647*r**3 + 77*r**2 + 77*r + 2. Determine c(-1).
-645
Let f(j) = 118*j**2 + 6*j - 72. Calculate f(1).
52
Let v(a) = -35*a**3 - 318*a**2 - 431*a - 3650. Determine v(-9).
-14
Let d(c) = c**2 - 40410*c + 2501578. Determine d(62).
2
Let k(u) = u**3 + 144*u**2 + 32*u + 4614. Calculate k(-144).
6
Let q(i) = 6*i**3 + 8*i**2 + 230*i - 235. Calculate q(1).
9
Let n(v) = 562738*v - 562720. Give n(1).
18
Let y(x) = -4*x**2 + 87725*x - 1139756. Determine y(13).
-7
Let s(d) = 2*d**2 - 545*d + 4869. Calculate s(263).
-128
Let g(s) = -337*s**2 - 12417*s + 1937. Give g(-37).
13
Let j(p) = -2*p**2 - 96*p + 1505. Calculate j(-62).
-231
Let q(i) = 109*i**2 - 9593*i + 27796. What is q(3)?
-2
Let o(w) = -6352*w - 1524476. What is o(-240)?
4
Let a(u) = 14358*u + 1062686. Give a(-74).
194
Let y(g) = 2*g**2 - 199*g + 3337. Give y(79).
98
Let j(g) = -g**2 + 99*g - 2044. Calculate j(30).
26
Let l(d) = 77720*d + 777184. Calculate l(-10).
-16
Let f(p) = 2*p**3 + 4*p**2 + 15*p - 39. Give f(8).
1361
Let s(q) = 295*q**2 - 7949*q - 478. Give s(27).
-46
Let k(d) = -2*d**3 - 53*d**2 + 701*d + 690. Calculate k(-36).
78
Let r(d) = 54742*d - 164246. What is r(3)?
-20
Let k(i) = -23*i**3 - 1011*i**2 + 56*i + 718. Calculate k(-44).
190
Let g(i) = -427*i - 1702. Calculate g(-4).
6
Let c(a) = -300*a + 2709. Give c(21).
-3591
Let x(f) = f**3 - 1097*f**2 + 7688*f - 63191. What is x(1090)?
29
Let j(c) = -10*c**2 + 2477*c + 26652. Give j(258).
78
Let u(n) = -2*n**3 - 260*n**2 - 2983*n - 14. Calculate u(-13).
-781
Let g(c) = -17*c**2 - 142*c - 796. Determine g(-8).
-748
Let u(q) = -18*q + 151. Determine u(-25).
601
Let u(m) = -2100*m + 13159. Give u(8).
-3641
Let h(a) = -2*a**2 - 574*a + 16288. What is h(-313)?
12
Let s(d) = 400*d - 208. Give s(5).
1792
Let r(n) = n**3 + 19*n**2 + 53*n + 1316. What is r(-20)?
-144
Let c(f) = -f**2 + 74*f + 2604. Calculate c(-25).
129
Let k(v) = 3*v**3 - 75*v**2 - 837*v + 1120. Calculate k(33).
-365
Let h(z) = 100*z + 1112. Give h(-18).
-688
Let o(k) = 139*k - 2847. Give o(3).
-2430
Let i(b) = -16*b**3 + 592*b**2 + 6*b - 202. Give i(37).
20
Let w(k) = -14122*k - 310677. Give w(-22).
7
Let f(k) = 3*k**3 - 21*k**2 - 52*k + 66. Determine f(-3).
-48
Let k(j) = -7279*j - 1120958. Calculate k(-154).
8
Let u(t) = 4*t**2 + 308*t + 2857. What is u(-9)?
409
Let q(u) = -28345*u + 226544. What is q(8)?
-216
Let g(o) = -75403*o - 829456. Give g(-11).
-23
Let g(i) = -1822*i - 752466. What is g(-413)?
20
Let i(h) = 376174*h - 1128531. Give i(3).
-9
Let v(f) = 202*f**2 - 1221*f - 27. Determine v(6).
-81
Let p(t) = 508*t**3 - 3*t**2 + 347*t - 345. What is p(1)?
507
Let h(p) = -p**3 - 52*p**2 - 482*p - 24. Determine h(-16).
-1528
Let n(m) = 49*m**2 - 1080*m - 2163. Give n(-2).
193
Let t(q) = q**3 + 114*q**2 + 122*q + 1071. What is t(-113)?
54
Let a(c) = -19*c**2 + 3*c - 9. Give a(-3).
-189
Let f(z) = z**3 + 40*z**2 + 157*z - 16. What is f(-38)?
-3094
Let b(j) = -6868*j - 34302. What is b(-5)?
38
Let o(h) = 27539*h - 468181. Give o(17).
-18
Let w(j) = 109*j + 10665. Calculate w(-99).
-126
Let k(n) = 931*n + 55390. Give k(-59).
461
Let v(j) = -9*j**2 - 4114*j + 117132. Give v(-484).
4
Let g(q) = 8*q**3 - 66*q**2 - 681*q + 5638. What is g(9)?
-5
Let h(i) = 7481*i - 1742993. Determine h(233).
80
Let w(b) = -b**3 + 58*b**2 - 721*b - 2937. Calculate w(35).
3
Let w(t) = 3*t**2 + 84*t + 2066. Calculate w(-17).
1505
Let x(w) = -4*w**3 + 434*w**2 - 1059*w + 138. Calculate x(106).
244
Let x(c) = -2*c**2 + 598*c + 1202. Determine x(301).
-2
Let v(m) = 19*m - 1836. What is v(5)?
-1741
Let n(q) = -q**3 + 21*q**2 - 165*q + 2425. What is n(19)?
12
Let n(r) = 42*r**3 + 421*r**2 - 58*r - 695. What is n(-10)?
-15
Let q(t) = -16*t**3 + 141*t**2 + 140*t - 949. What is q(9)?
68
Let d(m) = -m**2 + 96*m + 47351. Give d(271).
-74
Let w(f) = -22*f**2 + 305*f - 498. Determine w(12).
-6
Let f(j) = -j**3 - 125*j**2 - 585*j + 1704. What is f(-120)?
-96
Let d(b) = -9*b**2 + 42*b + 494. Determine d(11).
-133
Let k(q) = -31*q**3 + 25707*q**2 - 6629*q - 2460. What is k(829)?
27
Let s(r) = -4*r**2 - 1772*r + 12480. What is s(7)?
-120
Let s(h) = -2*h**3 + 365*h**2 + 91*h + 16631. Determine s(183).
-205
Let w(q) = -4*q**3 - 78*q**2 + 471*q + 7231. Determine w(-21).
-14
Let d(r) = 4*r**2 + 293*r + 5357. What is d(-32)?
77
Let d(c) = 75*c**2 + 682*c + 2040. Give d(-3).
669
Let m(v) = 528*v - 17956. What is m(34)?
-4
Let v(o) = -5739*o + 2536640. Calculate v(442).
2
Let x(v) = -v**2 - 2174*v + 21799. Give x(10).
-41
Let j(q) = 2*q**2 - 246*q + 10495. Calculate j(77).
3411
Let q(g) = g**3 - 49*g**2 + 14*g - 498. What is q(0)?
-498
Let o(t) = t**3 + 128*t**2 + 1399*t + 278. Calculate o(-12).
194
Let n(a) = -12*a**2 - 3728*a - 272823. What is n(-118)?
-7
Let t(q) = -3*q**2 - 18*q - 123. Calculate t(-18).
-771
Let w(n) = n**2 + 98*n - 9431. Calculate w(-153).
-1016
Let b(o) = -63970*o - 4797748. Give b(-75).
2
Let u(c) = 3318*c**2 + 1911165*c - 1726. Give u(-576).
2
Let r(g) = 3066*g - 1468544. What is r(479)?
70
Let n(s) = -s**3 + 1639*s**2 - 11435*s + 77. Determine n(7).
0
Let x(d) = 939*d - 108279. Give x(115).
-294
Let u(k) = -2*k**3 - 762*k**2 - 51155*k + 367. What is u(-294)?
73
Let c(q) = -38*q**3 + 12959*q**2 - 491*q + 51159. What is c(341)?
9
Let a(g) = 6630*g - 212285. What is a(32)?
-125
Let o(r) = 1118*r**2 - 244848*r + 1316. Determine o(219).
2
Let i(l) = 2*l**3 + 146*l**2 - 1207*l + 7212. Give i(-81).
3
Let w(u) = -1826*u + 194120. Determine w(106).
564
Let a(s) = s**3 + 564*s**2 - 3934*s + 36308. Determine a(-571).
335
Let b(j) = -8*j**2 + 209*j + 160101. What is b(-129)?
12
Let w(q) = -4*q**2 - 79*q - 144. Give w(-22).
-342
Let u(h) = -2*h**3 - 252*h**2 - 313*h - 8090. Calculate u(-125).
-215
Let l(d) = -2*d**2 - 4541*d + 1422628. Give l(279).
7
Let r(g) = -10*g**2 - 4697*g - 3239. Calculate r(-469).
44
Let j(d) = 2*d**3 - 223*d**2 + 2975*d - 206. Give j(96).
-302
Let v(w) = 192*w**2 - 476*w - 32. What is v(4)?
1136
Let a(g) = 7235*g + 72384. Give a(-10).
34
Let g(j) = 2*j**2 - 13528*j + 283198. What is g(21)?
-8
Let k(b) = 1403*b - 82780. Calculate k(59).
-3
Let w(t) = 649*t**3 - 3*t**2 + 9*t - 6. Calculate w(1).
649
Let c(d) = 2*d**3 + 32*d**2 - 1665*d - 151. Calculate c(22).
3
Let k(b) = -274*b - 1557. Calculate k(-12).
1731
Let q(j) = -4953*j + 113884. Calculate q(23).
-35
Let v(f) = -46*f**2 - 247*f - 302. What is v(-4)?
-50
Let w(x) = 2*x**3 - 346*x**2 + 980*x + 6786. Calculate w(170).
-14
Let f(c) = -c**3 - 367*c**2 - 8244*c - 289. Calculate f(-24).
-1
Let o(a) = -27*a**2 - 5504*a + 23292. Give o(-208).
-4
Let w(k) = 26827*k - 26834. Give w(1).
-7
Let f(z) = -7081*z - 29225. Give f(-4).
-901
Let d(x) = 2784*x - 22413. Calculate d(8).
-141
Let g(h) = -23*h**3 + 1520*h**2 - 128*h - 200. What is g(66)?
64
Let c(o) = -o**3 + 12*o**2 - 128*o + 1407. Calculate c(10).
327
Let y(m) = 15